se 3) to base 8
5707367
-31215001 (base 6) to base 10
-904393
1245525 (base 8) to base 10
346965
-231101332 (base 4) to base 6
-3550354
What is 20120202111 (base 3) in base 8?
375062
-132340 (base 9) to base 13
-2a81c
What is 28082 (base 16) in base 5?
20221340
112034453 (base 6) to base 8
7663101
What is 24121410 (base 5) in base 12?
a930b
-1607170 (base 9) to base 12
-36b746
-2134022 (base 6) to base 15
-2156e
Convert -1698b (base 15) to base 7.
-422630
What is -5540612 (base 9) in base 5?
-1230313231
What is -10044420404 (base 5) in base 4?
-212233013233
Convert -6b86c3 (base 14) to base 12.
-1291583
-13a015 (base 14) to base 12
-2899ab
What is -4556643 (base 8) in base 4?
-10231312203
Convert 2091c (base 16) to base 11.
91257
What is 488834 (base 12) in base 15?
1837a7
What is -8778 (base 13) in base 12?
-aab6
Convert 48626 (base 16) to base 14.
7a098
What is 113186 (base 9) in base 10?
67956
Convert -10402412404 (base 5) to base 4.
-223120210312
Convert 4033000044 (base 5) to base 11.
4628a77
Convert -74126 (base 12) to base 7.
-1202562
Convert 6712760 (base 9) to base 6.
205215513
What is -11375 (base 10) in base 5?
-331000
What is 11634660 (base 9) in base 16?
56d9c3
2434411 (base 5) to base 10
46231
-5644334 (base 7) to base 4
-2222331023
92296 (base 15) to base 2
1110001000001110110
Convert -26039 (base 11) to base 5.
-2143220
What is -3053f (base 16) in base 3?
-101001112112
What is 1315773 (base 13) in base 8?
26642507
Convert -80238 (base 16) to base 5.
-113243411
What is 1033323110 (base 4) in base 3?
121122002012
Convert -210102220202122 (base 3) to base 7.
-165566033
What is 100000111010110000101 (base 2) in base 13?
2b9c7c
What is 21649 (base 16) in base 10?
136777
Convert -d1a9dd (base 14) to base 13.
-1602347
5d7d6 (base 16) to base 14
9d7a6
1c9337d (base 14) to base 10
14338099
Convert 10726341 (base 9) to base 2.
10011111000111110001000
2325053 (base 7) to base 9
484828
What is 13720a (base 11) in base 9?
356261
Convert -25560322 (base 8) to base 12.
-1aa6b2a
What is -13030313102 (base 4) in base 3?
-10112220102202
Convert -828157 (base 13) to base 8.
-13473643
Convert -101010010110001010 (base 2) to base 13.
-60c44
Convert -6b024 (base 12) to base 8.
-430134
What is -354000 (base 6) in base 5?
-1440142
Convert 224202001 (base 6) to base 8.
17562161
What is 2712042 (base 11) in base 2?
10001111000011111010100
What is 31558 (base 16) in base 2?
110001010101011000
-285cb9 (base 15) to base 4
-13122133023
What is 431cbb (base 13) in base 4?
12000211002
Convert -101200210101020 (base 3) to base 6.
-321500053
24ed29 (base 15) to base 7
21025422
-100112002000120 (base 3) to base 5
-2243410004
Convert -5cc9e (base 15) to base 14.
-7a08a
What is -14221503 (base 6) in base 15?
-98b03
74032112 (base 8) to base 7
250543056
-12044 (base 13) to base 3
-1200021122
-23340114 (base 5) to base 12
-a4536
Convert 2566775 (base 8) to base 6.
23204045
What is -2e389 (base 16) in base 13?
-68232
What is -23817 (base 15) in base 12?
-55611
What is -2110200010 (base 5) in base 15?
-5b823a
-452e5f (base 16) to base 12
-1627913
-297d5 (base 14) to base 4
-121022233
3411040 (base 6) to base 16
2a240
9050 (base 14) to base 6
310354
What is -131121220 (base 4) in base 2?
-11101011001101000
Convert 410233525 (base 6) to base 8.
32614275
Convert -93215 (base 15) to base 3.
-212200112102
What is -26857 (base 12) in base 6?
-1045351
-11000111101100101 (base 2) to base 10
-102245
101143011 (base 5) to base 8
1445140
What is -34121034 (base 5) in base 16?
-49952
What is 8a939 (base 11) in base 9?
220427
cb98b (base 14) to base 8
1703007
-11201002220 (base 3) to base 6
-1552553
Convert -2214314 (base 6) to base 8.
-331046
Convert 40a6b (base 12) to base 16.
149f3
Convert -101000111110110100111 (base 2) to base 15.
-1b7d5c
Convert -1111001011011101011101 (base 2) to base 15.
-538ed6
What is 100011111101100100 (base 2) in base 13?
5207a
Convert 1001011001000111000011 (base 2) to base 15.
3397d2
Convert -333508 (base 12) to base 8.
-3067030
What is 1110010101111011 (base 2) in base 12?
29bb7
Convert -11702402 (base 8) to base 4.
-21320110002
What is 11001011011111010111 (base 2) in base 13?
2324c0
-385c23 (base 13) to base 5
-321333114
-2a0b395 (base 13) to base 9
-27170421
4302566 (base 8) to base 3
2011100010211
Convert 59ca (base 13) to base 11.
9580
-228a967 (base 11) to base 6
-221355452
14031211 (base 5) to base 13
4cc36
Convert 353704 (base 12) to base 5.
204400442
110221122202222 (base 3) to base 14
cb21ca
Convert -a8707 (base 16) to base 10.
-689927
Convert -7057204 (base 9) to base 4.
-32111201101
Convert 28b268 (base 12) to base 3.
1021200210122
What is -6a714 (base 15) in base 8?
-1226226
What is -376a58 (base 15) in base 4?
-22020031223
Convert -403400 (base 7) to base 16.
-10b65
What is 123332302 (base 4) in base 13?
40222
-5293174 (base 10) to base 7
-62663665
Convert 18480a (base 16) to base 5.
401410211
Convert -4b8a2 (base 16) to base 11.
-1a1512
What is 214205554 (base 6) in base 7?
44443012
Convert -29769 (base 11) to base 10.
-42183
Convert 646a045 (base 11) to base 2.
101011011001000010110111
Convert -11101111111110110100 (base 2) to base 11.
-611574
Convert 1762577 (base 8) to base 6.
15031503
Convert 1a1975 (base 13) to base 6.
22054513
Convert -2021111011201 (base 3) to base 12.
-4a4477
Convert 33a70 (base 13) to base 16.
16f67
Convert 352104 (base 9) to base 10.
211495
What is 1112123122 (base 4) in base 7?
3003046
Convert -21232320111 (base 4) to base 14.
-4a5acd
Convert -a2a47 (base 13) to base 6.
-10130413
Convert -314cb (base 15) to base 11.
-a7509
-222203132 (base 5) to base 11
-606933
What is 15d927 (base 16) in base 8?
5354447
What is -321202121 (base 4) in base 3?
-102222021122
Convert -213713 (base 8) to base 6.
-1311335
6623063 (base 7) to base 5
202000422
What is -1443985 (base 10) in base 16?
-160891
What is -1521b5 (base 16) in base 12?
-569531
-20822 (base 11) to base 6
-352054
What is 5dbabb (base 14) in base 13?
88a029
Convert 13030033030 (base 4) to base 6.
104223244
What is -1662050 (base 8) in base 10?
-484392
Convert -3021013322 (base 4) to base 9.
-1485035
What is -534543225 (base 6) in base 14?
-1386cb7
106284 (base 9) to base 5
4014121
Convert -6162b (base 14) to base 5.
-30000310
Convert 163154 (base 11) to base 4.
331302032
113313000003 (base 4) to base 2
10111110111000000000011
What is -4c4ea (base 16) in base 4?
-1030103222
What is -21020224 (base 5) in base 6?
-3413445
What is -377475 (base 9) in base 7?
-1641245
Convert 20243556 (base 7) to base 13.
472c77
-2132413440 (base 5) to base 9
-8544227
What is -9ba70 (base 12) in base 9?
-345143
-21121141 (base 5) to base 2
-101011000100100101
Convert 934077 (base 10) to base 4.
3210002331
Convert 3401444143 (base 5) to base 3.
112000122122211
Convert 7262335 (base 8) to base 2.
111010110010011011101
Convert -823445 (base 9) to base 4.
-1313022002
What is 3010124 (base 7) in base 12?
15181b
Convert 2200142414 (base 5) to base 8.
21716754
-77351 (base 16) to base 5
-111111043
What is 2d11f3 (base 16) in base 8?
13210763
Convert 40954 (base 13) to base 9.
185804
-59b67 (base 13) to base 4
-220022222
c973 (base 16) to base 11
35823
What is 10000303 (base 6) in base 12?
116093
What is -228c46 (base 14) in base 3?
-2012210022220
Convert -3230653 (base 7) to base 16.
-60370
Convert 379513 (base 12) to base 8.
3355237
What is 3b1c72 (base 14) in base 7?
23231102
-3c204 (base 16) to base 2
-111100001000000100
What is 11111100101000101 (base 2) in base 11?
89200
What is 2102011211110 (base 3) in base 7?
13622166
-1a2a4 (base 13) to base 12
-25623
277c (base 15) to base 12
4a76
Convert 221220010020110 (base 3) to base 8.
64374412
2844181 (base 9) to base 8
5757654
-78256 (base 16) to base 8
-1701126
5325151 (base 6) to base 16
3f8fb
Convert -121111032 (base 4) to base 5.
-11310013
515454 (base 7) to base 2
10101100101000010
Convert -642741 (base 8) to base 13.
-7682a
What is 10b7237 (base 13) in base 9?
10628644
-2cde4 (base 16) to base 13
-6585c
Convert -203452 (base 7) to base 3.
-1202211201
What is -b3773 (base 15) in base 11?
-359295
What is 4433442 (base 7) in base 3?
1000202100200
4133555 (base 6) to base 10
199151
Convert -36c242 (base 14) to base 6.
-104123230
W